 highest common divisor of z and 14?
14
Suppose 0 = 3*b - d - 272, 76 + 22 = b - 4*d. Calculate the greatest common divisor of b and 396.
18
Let m(f) = -f**3 - 7*f**2 - 12*f - 15. Let i be m(-10). Suppose -2*h + 2*x = -2*x - 98, -4*h - x + 178 = 0. What is the highest common factor of i and h?
45
Suppose -664*r + 655*r = -63. Calculate the highest common divisor of 91 and r.
7
Suppose -170 = -3*l + f + 57, -2*f = 5*l - 382. What is the highest common divisor of l and 380?
76
Let q(o) = -4 + 6 + 33*o + 1. Let z be q(-2). Let i = 105 + z. Calculate the greatest common divisor of i and 28.
14
Suppose 3*b + 5 = -4, 0 = m + 2*b - 52. Calculate the highest common divisor of m and 1276.
58
Let p(n) = -n**3 + 29*n**2 + 33*n - 89. Let t be p(30). Let v be (-13)/2*(0 - 2). What is the highest common divisor of t and v?
1
Suppose 0 = -4*h + 5*n + 270, n = -4*h - h + 352. Let u = -31 + h. What is the highest common factor of u and 65?
13
Let p(z) = z**2 + 9*z + 9. Let n be p(-7). Let q(o) = o + 13. Let m be q(n). Let s be 158/m + 3/12. Calculate the greatest common factor of s and 60.
20
Suppose -3*k + 11*k = 448. Let t be 294/16 - 21/k. Calculate the greatest common divisor of t and 18.
18
Suppose 0 = 2*p - 0*p. Suppose -33 = -5*x + z, p = -3*z + 4 - 13. Suppose 54 = -18*u + 21*u. Calculate the greatest common factor of u and x.
6
Let p be (-22)/(-7) + 1/(-7). Let n(x) = -p*x + 2 + 7 + 3*x + x. Let v be n(-7). What is the greatest common divisor of 16 and v?
2
Let h = 100 + -36. What is the highest common divisor of 176 and h?
16
Suppose -11 = -3*u - 5*j - 21, 5*u - 15 = -2*j. Calculate the highest common factor of u and 1.
1
Let f(d) = -d. Let x be f(-4). Suppose -x*i - 17 = -5. Let w = i - -9. What is the greatest common factor of w and 15?
3
Suppose 4*w + 2*x = -64, 2*x - 5 = 3*w + 57. Let d be (8/6)/((-1)/w). What is the highest common divisor of 12 and d?
12
Suppose d + 0*w + 5*w = 40, 67 = d - 4*w. Let q be 47/(-4) - 21/(-28). Let l be (-14)/(-7) + (-2 - q). Calculate the highest common factor of l and d.
11
Suppose -f - u = 2*f - 283, -4*u = 3*f - 286. Let o = -58 + f. What is the highest common divisor of 90 and o?
18
Suppose -3*k = -w - 12, 0*w + 5*k = -5*w + 40. What is the greatest common factor of w and 8?
1
Let z = 1816 + -1016. What is the greatest common factor of z and 50?
50
Let j(k) = -2*k**3 + 2*k**2 + 9*k + 15. Let n be j(-3). What is the highest common divisor of n and 1200?
60
Let r = 1 + -22. Let d = -21 - r. Suppose -3*p - 5*t + 81 = p, d = -3*p - t + 69. What is the greatest common factor of p and 16?
8
Let r be -1 + 6*470/60. Calculate the highest common divisor of r and 529.
23
Let g(i) = 2*i - 3 - i + 0. Let v be g(8). Suppose -2*m = 2*w - 6, -v*m - 2*w + 9 = -3*w. What is the greatest common divisor of m and 4?
2
Let x(k) = 9 + 2*k + 4 - 10 - 4*k. Let l be x(-3). Suppose -5*y = 5*h - 4*h - 22, 2*h - l = -3*y. Calculate the highest common divisor of 10 and y.
5
Let p be (-3874)/(-7) + 9/(-21). What is the greatest common divisor of p and 7?
7
Suppose -694 = -4*c - 4*j - 114, c - 3*j = 145. Let o = c + -80. Suppose 25*y + 19 = 344. Calculate the highest common divisor of o and y.
13
Let p = -94 + 134. Let t be ((-12)/(-9))/((-309)/153 + 2). Let c = t + 76. Calculate the highest common factor of p and c.
8
Let c(n) = n**2 + 9*n + 13. Let b = -89 - -80. Let p be c(b). What is the highest common divisor of 117 and p?
13
Let w be -5 - -4 - 30 - 3. Suppose -20 - 22 = 3*t. Let y be (-452)/t + w/119. What is the highest common divisor of y and 96?
32
Let h(o) = 3*o - 6. Let q be h(7). Let r = 22 - q. What is the greatest common factor of r and 63?
7
Suppose 9*m + 115 - 1357 = 0. What is the highest common divisor of 6 and m?
6
Suppose 3*v = -4*d + 332, 3*d - 223 = -2*v + 2*d. What is the greatest common divisor of v and 14?
14
Let l(g) = -g**2 - 15*g + 34. Let j be l(-16). What is the highest common divisor of j and 108?
18
Let v = -1280 + 1292. What is the greatest common divisor of 64 and v?
4
Let d be (-13)/(78/(-1242)) - 7. What is the greatest common factor of d and 40?
40
Let r be (-136)/(-17) + 0/2. What is the highest common factor of r and 18?
2
Suppose 6*o - 45 = o. Let p(b) = 2*b**2 + 6*b + 18. Let h be p(-6). Calculate the greatest common divisor of o and h.
9
Suppose 10*o - 45 = 85. Suppose -3*x + o = -29. Calculate the highest common factor of 35 and x.
7
Suppose 163 = -21*v + 6211. Calculate the greatest common divisor of v and 9.
9
Let j(l) = -l**2 - l - 1. Suppose 5*y + 2 = -2*t + 1, -y - 5 = -2*t. Let i be j(y). Let g be (-1)/(i/1) + 5. What is the highest common divisor of 48 and g?
6
Let a(x) = x**3 - 13*x**2 + 40*x + 12. Let g be a(9). What is the greatest common factor of 24 and g?
24
Suppose 3*z + 5*o - 2*o = 21, -5*z + 53 = -4*o. What is the greatest common divisor of z and 33?
3
Let u(a) = -a**3 - 16*a**2 + 8*a + 3. Let g be u(-17). Suppose 4*m + 22 = 4*b + 218, -4*m = 4*b - g. What is the highest common factor of 11 and m?
11
Suppose 3*r = 73 + 41. What is the highest common divisor of r and 114?
38
Let h = 6 - 13. Let l = 7 + h. Suppose 4*z - d - 14 - 6 = l, 5*d = 20. Calculate the highest common factor of 54 and z.
6
Suppose -5*t + 475 = -3*p, 4*p = 9*t - 4*t - 470. What is the greatest common divisor of t and 574?
14
Let r = 43 + -41. Suppose -r*y - 160 = -3*a, -5*a - 50 = -4*y - 320. Calculate the greatest common factor of a and 10.
10
Suppose 0 = 4*n + 5*n - 4*n. Suppose -2*o + 26 = -4*c, n*c - 5*c = o + 8. Calculate the highest common factor of o and 7.
7
Let g(w) = -15*w**2 + 7*w - w + 6*w**2 + w**3 - 6. Let k be g(9). What is the highest common divisor of 6 and k?
6
Let p = 18 + -4. Suppose 18 + 17 = 7*s. Suppose -s*f + 48 + 22 = 0. Calculate the greatest common divisor of p and f.
14
Let v be (4/(-8))/((-2)/4). Let x = 20 - 9. What is the greatest common divisor of v and x?
1
Let q be (0 - -30)/(3 - 136/48). Calculate the highest common divisor of 20 and q.
20
Let r be -10*(1 - 2/4) + 53. Calculate the greatest common factor of r and 16.
16
Suppose 2*n - 22 - 24 = 0. Let u = n - -10. What is the greatest common divisor of 44 and u?
11
Let q be -6*(-1)/6 - -2. Suppose -102 = -4*r + 2*n, 0 = r - 5*n - 39. Calculate the greatest common divisor of q and r.
3
Let l be 71/3 + (-217)/(-651). Let p = 41 + -25. Calculate the greatest common divisor of l and p.
8
Let i = -1872 - -1880. Calculate the greatest common divisor of i and 872.
8
Let f = 93 + -89. Suppose 2*a + x + f*x = 1, -a + x = -4. What is the greatest common divisor of 12 and a?
3
Suppose 2*t - 40 = -2*t. Let y = -237 + 585. Suppose y = 4*h - 92. What is the highest common divisor of h and t?
10
Let j be 24/(-156) - 628/(-26). What is the greatest common factor of j and 40?
8
Suppose 0*w - w = -10. Let p be (-14 + -11)*3/(-5). Calculate the greatest common factor of p and w.
5
Let t(v) = v**3 + 7*v**2 - v - 4. Let u be t(-7). Suppose -u*c + 5*c = 120. Let b be -66*(-4)/6 + -4. Calculate the highest common factor of c and b.
20
Let m be ((-43)/3)/(14/(-126)). Let l = 157 - m. Calculate the greatest common factor of 70 and l.
14
Suppose -3*i + 0 = -9. Suppose -i - 3 = -2*l. What is the greatest common divisor of 1 and l?
1
Let g be 13*(3 + 4/(-1)). Let o = g + 38. Let f be 10/o + (-66)/(-10). What is the greatest common factor of 14 and f?
7
Let k = 47 - 28. Suppose u + 5*l - k - 10 = 0, u - 5*l = 19. Suppose -5*m + 97 = 5*a + 17, 4*a = 4*m + 64. Calculate the highest common factor of a and u.
8
Let u be 35/(-21)*18/(-15). Suppose 8 = -2*b + 36. Calculate the highest common divisor of u and b.
2
Let a = -24 - -46. Let j be (-1)/(-3) + 1185/9. Calculate the greatest common factor of j and a.
22
Let l be (14/(-21))/((-4)/402). Let k = l - -59. Let d(q) = 3*q**2 + 5*q + 2. Let c be d(-3). What is the highest common divisor of c and k?
14
Suppose -7*a - 107 = -149. Calculate the greatest common divisor of 21 and a.
3
Let h(v) = -14*v + 11. Let z be h(4). Let y = z + 48. Calculate the greatest common factor of y and 3.
3
Let s be 117/12*(-5104)/(-66). What is the highest common factor of s and 52?
26
Suppose 0 = 15*y - 87 - 108. Calculate the highest common divisor of 13 and y.
13
Let b = 585 - 558. What is the highest common divisor of 8 and b?
1